{"id":177,"date":"2020-06-23T13:54:39","date_gmt":"2020-06-23T13:54:39","guid":{"rendered":"http:\/\/thomas-schleiken.com\/?page_id=177"},"modified":"2021-06-01T18:43:46","modified_gmt":"2021-06-01T18:43:46","slug":"consulting","status":"publish","type":"page","link":"http:\/\/thomas-schleiken.com\/?page_id=177","title":{"rendered":"CONSULTING"},"content":{"rendered":"\n<p>Du bist auf der Suche nach einer Beratung f\u00fcr dein Thema? Dann wirst du hier f\u00fcndig. Neben dem <a href=\"http:\/\/thomas-schleiken.com\/?page_id=120\">pers\u00f6nlichen Coaching<\/a> biete ich dir professionelles Consulting f\u00fcr unterschiedliche Felder in der Organisation. Dies sind Beispiele:<\/p>\n\n\n\n<ul class=\"wp-block-list\"><li>Entwicklung der F\u00fchrungskultur<\/li><li>Etablieren agiler F\u00fchrung<\/li><li>Etablieren virtueller F\u00fchrung<\/li><li>Strategieworkshop<\/li><li>Leitbildentwicklung<\/li><li>Entwicklung der Zusammenarbeit in der Organisation oder der Organisationseinheit<\/li><li>Strukturver\u00e4nderungen in der Organisation oder der Organisationseinheit<\/li><li>Teamberatung\/Teamcoaching<\/li><li>Projektmanagement-Implementierung<\/li><li>Projektmanagement-Optimierung<\/li><li>Einf\u00fchrung agiler Methoden<\/li><li>Zusammenspiel von Projektmanagement und Agilit\u00e4t<\/li><li>Konfliktintervention<\/li><li>Supervision von Beratern<\/li><\/ul>\n\n\n\n<p>Du  m\u00f6chtest meine Consulting-Expertise f\u00fcr deine Organisation, deine Orgaisationseinheit oder dein Projekt nutzen? Dann kontaktiere mich gern:<\/p>\n\n\n\n<div class=\"wp-block-buttons is-layout-flex wp-block-buttons-is-layout-flex\">\n<div class=\"wp-block-button\"><a class=\"wp-block-button__link\" href=\"mailto:schleikentcc@t-online.de\">email an Thomas Schleiken<\/a><\/div>\n<\/div>\n\n\n\n<p>Telefon: 04223-925934<\/p>\n\n\n\n<div style=\"height:81px\" aria-hidden=\"true\" class=\"wp-block-spacer\"><\/div>\n\n\n\n<div class=\"wp-block-columns is-layout-flex wp-container-core-columns-is-layout-9d6595d7 wp-block-columns-is-layout-flex\">\n<div class=\"wp-block-column is-layout-flow wp-block-column-is-layout-flow\">\n<figure class=\"wp-block-image size-large\"><a href=\"https:\/\/www.coaching-dgfc.de\/\" target=\"_blank\" rel=\"noopener noreferrer\"><img loading=\"lazy\" decoding=\"async\" width=\"392\" height=\"120\" src=\"http:\/\/thomas-schleiken.com\/wp-content\/uploads\/2020\/06\/DGfC-1920w.png\" alt=\"\" class=\"wp-image-155\" srcset=\"http:\/\/thomas-schleiken.com\/wp-content\/uploads\/2020\/06\/DGfC-1920w.png 392w, http:\/\/thomas-schleiken.com\/wp-content\/uploads\/2020\/06\/DGfC-1920w-300x92.png 300w\" sizes=\"auto, (max-width: 392px) 100vw, 392px\" \/><\/a><figcaption>Zertifizierter Seniorcoach u. Lehrcoach DGfC<\/figcaption><\/figure>\n<\/div>\n\n\n\n<div class=\"wp-block-column is-layout-flow wp-block-column-is-layout-flow\">\n<figure class=\"wp-block-image size-large\"><a href=\"https:\/\/www.fachverband-coaching.de\/\" target=\"_blank\" rel=\"noopener noreferrer\"><img loading=\"lazy\" decoding=\"async\" width=\"1024\" height=\"410\" src=\"http:\/\/thomas-schleiken.com\/wp-content\/uploads\/2020\/06\/1-DFC-Logo-2016-TRANSPARENT-big-1024x410.png\" alt=\"\" class=\"wp-image-154\" srcset=\"http:\/\/thomas-schleiken.com\/wp-content\/uploads\/2020\/06\/1-DFC-Logo-2016-TRANSPARENT-big-1024x410.png 1024w, http:\/\/thomas-schleiken.com\/wp-content\/uploads\/2020\/06\/1-DFC-Logo-2016-TRANSPARENT-big-300x120.png 300w, http:\/\/thomas-schleiken.com\/wp-content\/uploads\/2020\/06\/1-DFC-Logo-2016-TRANSPARENT-big-768x307.png 768w, http:\/\/thomas-schleiken.com\/wp-content\/uploads\/2020\/06\/1-DFC-Logo-2016-TRANSPARENT-big-1536x615.png 1536w, http:\/\/thomas-schleiken.com\/wp-content\/uploads\/2020\/06\/1-DFC-Logo-2016-TRANSPARENT-big-2048x820.png 2048w\" sizes=\"auto, (max-width: 767px) 89vw, (max-width: 1000px) 54vw, (max-width: 1071px) 543px, 580px\" \/><\/a><figcaption>Coach DFC<\/figcaption><\/figure>\n<\/div>\n\n\n\n<div class=\"wp-block-column is-layout-flow wp-block-column-is-layout-flow\">\n<figure class=\"wp-block-image size-large is-resized\"><a href=\"https:\/\/forumwerteorientierung.de\/\" target=\"_blank\" rel=\"noopener noreferrer\"><img loading=\"lazy\" decoding=\"async\" src=\"http:\/\/thomas-schleiken.com\/wp-content\/uploads\/2020\/06\/FWW_Siegel_1c_100mm-1017x1024.png\" alt=\"\" class=\"wp-image-156\" width=\"139\" height=\"140\" srcset=\"http:\/\/thomas-schleiken.com\/wp-content\/uploads\/2020\/06\/FWW_Siegel_1c_100mm-1017x1024.png 1017w, http:\/\/thomas-schleiken.com\/wp-content\/uploads\/2020\/06\/FWW_Siegel_1c_100mm-298x300.png 298w, http:\/\/thomas-schleiken.com\/wp-content\/uploads\/2020\/06\/FWW_Siegel_1c_100mm-150x150.png 150w, http:\/\/thomas-schleiken.com\/wp-content\/uploads\/2020\/06\/FWW_Siegel_1c_100mm-768x773.png 768w, http:\/\/thomas-schleiken.com\/wp-content\/uploads\/2020\/06\/FWW_Siegel_1c_100mm-100x100.png 100w, http:\/\/thomas-schleiken.com\/wp-content\/uploads\/2020\/06\/FWW_Siegel_1c_100mm.png 1192w\" sizes=\"auto, (max-width: 139px) 100vw, 139px\" \/><\/a><figcaption>Zertifiziert: An diesen Ethikrichtlinien orientiert sich meine Arbeit<\/figcaption><\/figure>\n<\/div>\n<\/div>\n","protected":false},"excerpt":{"rendered":"<p>Du bist auf der Suche nach einer Beratung f\u00fcr dein Thema? Dann wirst du hier f\u00fcndig. Neben dem pers\u00f6nlichen Coaching biete ich dir professionelles Consulting f\u00fcr unterschiedliche Felder in der Organisation. Dies sind Beispiele: Entwicklung der F\u00fchrungskultur Etablieren agiler F\u00fchrung Etablieren virtueller F\u00fchrung Strategieworkshop Leitbildentwicklung Entwicklung der Zusammenarbeit in der Organisation oder der Organisationseinheit Strukturver\u00e4nderungen &hellip; <\/p>\n<p class=\"link-more\"><a href=\"http:\/\/thomas-schleiken.com\/?page_id=177\" class=\"more-link\"><span class=\"screen-reader-text\">\u201eCONSULTING\u201c<\/span> weiterlesen<\/a><\/p>\n","protected":false},"author":1,"featured_media":0,"parent":0,"menu_order":0,"comment_status":"closed","ping_status":"closed","template":"","meta":{"footnotes":""},"class_list":["post-177","page","type-page","status-publish","hentry"],"_links":{"self":[{"href":"http:\/\/thomas-schleiken.com\/index.php?rest_route=\/wp\/v2\/pages\/177","targetHints":{"allow":["GET"]}}],"collection":[{"href":"http:\/\/thomas-schleiken.com\/index.php?rest_route=\/wp\/v2\/pages"}],"about":[{"href":"http:\/\/thomas-schleiken.com\/index.php?rest_route=\/wp\/v2\/types\/page"}],"author":[{"embeddable":true,"href":"http:\/\/thomas-schleiken.com\/index.php?rest_route=\/wp\/v2\/users\/1"}],"replies":[{"embeddable":true,"href":"http:\/\/thomas-schleiken.com\/index.php?rest_route=%2Fwp%2Fv2%2Fcomments&post=177"}],"version-history":[{"count":10,"href":"http:\/\/thomas-schleiken.com\/index.php?rest_route=\/wp\/v2\/pages\/177\/revisions"}],"predecessor-version":[{"id":1007,"href":"http:\/\/thomas-schleiken.com\/index.php?rest_route=\/wp\/v2\/pages\/177\/revisions\/1007"}],"wp:attachment":[{"href":"http:\/\/thomas-schleiken.com\/index.php?rest_route=%2Fwp%2Fv2%2Fmedia&parent=177"}],"curies":[{"name":"wp","href":"https:\/\/api.w.org\/{rel}","templated":true}]}}

<p>Du bist auf der Suche nach einer Beratung für dein Thema? Dann wirst du hier fündig. Neben dem <a href="http://thomas-schleiken.com/?page_id=120">persönlichen Coaching</a> biete ich dir professionelles Consulting für unterschiedliche Felder in der Organisation. Dies sind Beispiele:</p>



<ul class="wp-block-list"><li>Entwicklung der Führungskultur</li><li>Etablieren agiler Führung</li><li>Etablieren virtueller Führung</li><li>Strategieworkshop</li><li>Leitbildentwicklung</li><li>Entwicklung der Zusammenarbeit in der Organisation oder der Organisationseinheit</li><li>Strukturveränderungen in der Organisation oder der Organisationseinheit</li><li>Teamberatung/Teamcoaching</li><li>Projektmanagement-Implementierung</li><li>Projektmanagement-Optimierung</li><li>Einführung agiler Methoden</li><li>Zusammenspiel von Projektmanagement und Agilität</li><li>Konfliktintervention</li><li>Supervision von Beratern</li></ul>



<p>Du  möchtest meine Consulting-Expertise für deine Organisation, deine Orgaisationseinheit oder dein Projekt nutzen? Dann kontaktiere mich gern:</p>



<div class="wp-block-buttons is-layout-flex wp-block-buttons-is-layout-flex">
<div class="wp-block-button"><a class="wp-block-button__link" href="mailto:schleikentcc@t-online.de">email an Thomas Schleiken</a></div>
</div>



<p>Telefon: 04223-925934</p>



<div style="height:81px" aria-hidden="true" class="wp-block-spacer"></div>



<div class="wp-block-columns is-layout-flex wp-container-core-columns-is-layout-9d6595d7 wp-block-columns-is-layout-flex">
<div class="wp-block-column is-layout-flow wp-block-column-is-layout-flow">
<figure class="wp-block-image size-large"><a href="https://www.coaching-dgfc.de/" target="_blank" rel="noopener noreferrer"><img loading="lazy" decoding="async" width="392" height="120" src="http://thomas-schleiken.com/wp-content/uploads/2020/06/DGfC-1920w.png" alt="" class="wp-image-155" srcset="http://thomas-schleiken.com/wp-content/uploads/2020/06/DGfC-1920w.png 392w, http://thomas-schleiken.com/wp-content/uploads/2020/06/DGfC-1920w-300x92.png 300w" sizes="auto, (max-width: 392px) 100vw, 392px" /></a><figcaption>Zertifizierter Seniorcoach u. Lehrcoach DGfC</figcaption></figure>
</div>



<div class="wp-block-column is-layout-flow wp-block-column-is-layout-flow">
<figure class="wp-block-image size-large"><a href="https://www.fachverband-coaching.de/" target="_blank" rel="noopener noreferrer"><img loading="lazy" decoding="async" width="1024" height="410" src="http://thomas-schleiken.com/wp-content/uploads/2020/06/1-DFC-Logo-2016-TRANSPARENT-big-1024x410.png" alt="" class="wp-image-154" srcset="http://thomas-schleiken.com/wp-content/uploads/2020/06/1-DFC-Logo-2016-TRANSPARENT-big-1024x410.png 1024w, http://thomas-schleiken.com/wp-content/uploads/2020/06/1-DFC-Logo-2016-TRANSPARENT-big-300x120.png 300w, http://thomas-schleiken.com/wp-content/uploads/2020/06/1-DFC-Logo-2016-TRANSPARENT-big-768x307.png 768w, http://thomas-schleiken.com/wp-content/uploads/2020/06/1-DFC-Logo-2016-TRANSPARENT-big-1536x615.png 1536w, http://thomas-schleiken.com/wp-content/uploads/2020/06/1-DFC-Logo-2016-TRANSPARENT-big-2048x820.png 2048w" sizes="auto, (max-width: 767px) 89vw, (max-width: 1000px) 54vw, (max-width: 1071px) 543px, 580px" /></a><figcaption>Coach DFC</figcaption></figure>
</div>



<div class="wp-block-column is-layout-flow wp-block-column-is-layout-flow">
<figure class="wp-block-image size-large is-resized"><a href="https://forumwerteorientierung.de/" target="_blank" rel="noopener noreferrer"><img loading="lazy" decoding="async" src="http://thomas-schleiken.com/wp-content/uploads/2020/06/FWW_Siegel_1c_100mm-1017x1024.png" alt="" class="wp-image-156" width="139" height="140" srcset="http://thomas-schleiken.com/wp-content/uploads/2020/06/FWW_Siegel_1c_100mm-1017x1024.png 1017w, http://thomas-schleiken.com/wp-content/uploads/2020/06/FWW_Siegel_1c_100mm-298x300.png 298w, http://thomas-schleiken.com/wp-content/uploads/2020/06/FWW_Siegel_1c_100mm-150x150.png 150w, http://thomas-schleiken.com/wp-content/uploads/2020/06/FWW_Siegel_1c_100mm-768x773.png 768w, http://thomas-schleiken.com/wp-content/uploads/2020/06/FWW_Siegel_1c_100mm-100x100.png 100w, http://thomas-schleiken.com/wp-content/uploads/2020/06/FWW_Siegel_1c_100mm.png 1192w" sizes="auto, (max-width: 139px) 100vw, 139px" /></a><figcaption>Zertifiziert: An diesen Ethikrichtlinien orientiert sich meine Arbeit</figcaption></figure>
</div>
</div>

<p>Du bist auf der Suche nach einer Beratung für dein Thema? Dann wirst du hier fündig. Neben dem persönlichen Coaching biete ich dir professionelles Consulting für unterschiedliche Felder in der Organisation. Dies sind Beispiele: Entwicklung der Führungskultur Etablieren agiler Führung Etablieren virtueller Führung Strategieworkshop Leitbildentwicklung Entwicklung der Zusammenarbeit in der Organisation oder der Organisationseinheit Strukturveränderungen &hellip; </p>
<p class="link-more"><a href="http://thomas-schleiken.com/?page_id=177" class="more-link"><span class="screen-reader-text">„CONSULTING“</span> weiterlesen</a></p>
