{"id":201,"date":"2020-06-24T09:42:09","date_gmt":"2020-06-24T09:42:09","guid":{"rendered":"http:\/\/thomas-schleiken.com\/?page_id=201"},"modified":"2021-04-03T14:27:44","modified_gmt":"2021-04-03T14:27:44","slug":"veraenderungen-in-der-verwaltung-erfolgreich-auf-den-weg-bringen","status":"publish","type":"page","link":"http:\/\/thomas-schleiken.com\/?page_id=201","title":{"rendered":"DAMIT DER CHANGEPROZESS GELINGT"},"content":{"rendered":"\n<figure class=\"wp-block-image size-large\"><img loading=\"lazy\" decoding=\"async\" width=\"984\" height=\"311\" src=\"http:\/\/thomas-schleiken.com\/wp-content\/uploads\/2021\/04\/Welle_mit_Logo_und_CM_Verwaltung_Bild1.jpg\" alt=\"\" class=\"wp-image-866\" srcset=\"http:\/\/thomas-schleiken.com\/wp-content\/uploads\/2021\/04\/Welle_mit_Logo_und_CM_Verwaltung_Bild1.jpg 984w, http:\/\/thomas-schleiken.com\/wp-content\/uploads\/2021\/04\/Welle_mit_Logo_und_CM_Verwaltung_Bild1-300x95.jpg 300w, http:\/\/thomas-schleiken.com\/wp-content\/uploads\/2021\/04\/Welle_mit_Logo_und_CM_Verwaltung_Bild1-768x243.jpg 768w\" sizes=\"auto, (max-width: 767px) 89vw, (max-width: 1000px) 54vw, (max-width: 1071px) 543px, 580px\" \/><\/figure>\n\n\n\n<h2 class=\"wp-block-heading\">ONLINE-INTENSIVSEMINAR ZUM GESTALTEN VON VER\u00c4NDERUNGEN IN DER VERWALTUNG<\/h2>\n\n\n\n<h4 class=\"wp-block-heading\"><strong>DEIN NUTZEN<\/strong><\/h4>\n\n\n\n<p>Ein Sprichwort sagt: &#8222;Wenn der Wind des Wandels weht, bauen die einen Mauern und die Anderen Windm\u00fchlen&#8220;. Das ist wohl das Spannungsfeld, um das es in Ver\u00e4nderungsprozzesen geht.<br>Kommunen und Landkreise stehen aktuell umfassenden Ver\u00e4nderungsprozessen gegen\u00fcber. Das gr\u00f6\u00dfte Handlungsfeld in diesesm Zusammenhang stellt sicherlich die Digitalisierung dar. Und auch andere Felder der Ver\u00e4nderung, wie zum Beispiel die Einf\u00fchrung von Software, die Erschlie\u00dfung neuer Nutzungsfl\u00e4chen, das Planen und Errichten von Geb\u00e4uden und anderes mehr bleiben nicht liegen. Der Gedanke der Nachhaltigkeit ist bei vielen Vorhaben ein ebenfalls zentrales Element.<br>Den Wandel erfolgreich zu gestalten ist eine besonders herausfordernde F\u00fchrungsaufgabe in den Kommunen und Landkreisen. Der wohl gr\u00f6\u00dfte Brocken, den des dabei zu bew\u00e4ltigen gilt, ist die oft sehr hohe Komplexit\u00e4t, die wechselseitige Verzahnung und die nicht selten auseinander strebenden Interessenlagen der beteiligten Personenkreise.<br>Wie startet man in den Changeprozess? Was sind Voraussetzungen? Was gilt es, auf dem Schirm zu haben? Wie bringt man das Lernen ingang? Wen bindet man wie ein? Was sind die Stolpersteine? Wie gestaltet man die Prozesse? Welche Rollen braucht es? Zu genau solchen Fragen findest du Antworten in diesem Seminar. Schritt f\u00fcr Schritt erlernst du das elementare Know-how um den Wandlungsprozess in deiner Verwaltung erfolgreich anzugehen.<\/p>\n\n\n\n<h4 class=\"wp-block-heading\">F\u00dcR WEN?<\/h4>\n\n\n\n<p>Du bist in verantwortlicher Funktion in die Gestaltung des Wandels deiner Verwaltung eingebunden? Du willst dir das elementare Wissen zum Gestalten des Wandels aneignen? Dann ist dies dein Seminar.<\/p>\n\n\n\n<h4 class=\"wp-block-heading\">LEITTHEMEN\/LEITFRAGEN<\/h4>\n\n\n\n<ul class=\"wp-block-list\"><li>Was l\u00f6st Ver\u00e4nderungsprozesse aus, wie bringt man sie ingang?<\/li><li>Wie nutze ich Systemdenken im Ver\u00e4nderungsprozess?<\/li><li>Welche drei Formen des Lernens sollte ich unterscheiden und wozu?<\/li><li>Wie finde ich die Tr\u00e4ger f\u00fcr den Wandel und wie aktiviere ich sie?<\/li><li>Wie nutzen mir spezielle systemische Kommunikationstechniken im Ver\u00e4nderungsprozess?<\/li><li>Was sind typische Stolpersteine und St\u00f6reinfl\u00fcsse und wie gehe ich mit ihnen um?<\/li><li>Ver\u00e4nderungssystem, Beratungssystem, Klientensystem &#8211; wie orientiere ich mich an n\u00fctzlichen Unterscheidungen f\u00fcr den Changeprozess?<\/li><li>In welche Phasen sollte ich den Ver\u00e4nderungsprozess sinnvoll unterteilen?<\/li><li>Wie sollte mit den unterschiedlichen Interessen aus dem Verwaltungsalltag umgegangen werden?<\/li><li>Wie gestalte ich Pr\u00e4sentation, Kommunikation, Information und Dokumentation im Changeprozess?<\/li><\/ul>\n\n\n\n<h4 class=\"wp-block-heading\">TERMIN\/ORT<\/h4>\n\n\n\n<p>2 Tage<br>28.05.21, 10 &#8211; 16 Uhr + 11.06.21, 11 &#8211; 15 Uhr<br>Online-Seminar<br>F\u00fcr die Teilnahme werden ein internetf\u00e4higes Endger\u00e4t (einschlie\u00dflich Kamera und Mikrofon) und eine Internetverbindung zum Streamen der Veranstaltung ben\u00f6tigt. Das Online-Seminar wird mit der Software Zoom durchgef\u00fchrt. Der Zugangslink wird vor der Veranstaltung per eMail versandt.<\/p>\n\n\n\n<h4 class=\"wp-block-heading\">INVESTITION<\/h4>\n\n\n\n<p>Kursgeb\u00fchr 630,- Euro + 19 % Mehrwertsteuer<br>Enthalten ist die digitale Seminardokumentation sowie die Teilnahmebescheinigung. Beides wird im Nachgang zum Seminar zugestellt.<\/p>\n\n\n\n<h4 class=\"wp-block-heading\">HINWEISE \/ ANMELDEBEDINGUNGEN<\/h4>\n\n\n\n<p>Kleingruppenseminar mit max. 12 Teilnehmenden.<\/p>\n\n\n\n<p>Die Rechnung f\u00fcr die Teilnahme wird nach dem Kurs zugesandt. Die Anmeldung zum Kurs gilt als verbindlich. Bei R\u00fccktritt bis zwei Wochen vor dem Kurs wird eine Stornogeb\u00fchr von 70,- Euro in Rechnung gestellt. Bei sp\u00e4terem R\u00fccktritt ohne Benennung eines jeweiligen Ersatzteilnehmers wird die gesamte Kursgeb\u00fchr in H\u00f6he von 630,- Euro f\u00e4llig. Die genannten Preise verstehen sich zuz\u00fcglich der gesetzlichen Mehrwertsteuer. Im Falle einer zu geringen Teilnehmerzahl behalte ich mir vor, den Kurs sp\u00e4testens f\u00fcnf Werktage vor Kursstart abzusagen.<\/p>\n\n\n\n<div class=\"wp-block-file\"><a href=\"http:\/\/thomas-schleiken.com\/wp-content\/uploads\/2021\/04\/Flyer_Wandel_Verwaltung_2105.pdf\"><em>Flyer zum kostelosen Download<\/em><\/a><a href=\"http:\/\/thomas-schleiken.com\/wp-content\/uploads\/2021\/04\/Flyer_Wandel_Verwaltung_2105.pdf\" class=\"wp-block-file__button\" download>Herunterladen<\/a><\/div>\n\n\n\n<div class=\"wp-block-buttons is-layout-flex wp-block-buttons-is-layout-flex\">\n<div class=\"wp-block-button\"><a class=\"wp-block-button__link\" href=\"mailto:schleikentcc@t-online.de(\u00f6ffnet in neuem Tab)\">Anmelden per eMail<\/a><\/div>\n<\/div>\n","protected":false},"excerpt":{"rendered":"<p>ONLINE-INTENSIVSEMINAR ZUM GESTALTEN VON VER\u00c4NDERUNGEN IN DER VERWALTUNG DEIN NUTZEN Ein Sprichwort sagt: &#8222;Wenn der Wind des Wandels weht, bauen die einen Mauern und die Anderen Windm\u00fchlen&#8220;. Das ist wohl das Spannungsfeld, um das es in Ver\u00e4nderungsprozzesen geht.Kommunen und Landkreise stehen aktuell umfassenden Ver\u00e4nderungsprozessen gegen\u00fcber. Das gr\u00f6\u00dfte Handlungsfeld in diesesm Zusammenhang stellt sicherlich die Digitalisierung &hellip; <\/p>\n<p class=\"link-more\"><a href=\"http:\/\/thomas-schleiken.com\/?page_id=201\" class=\"more-link\"><span class=\"screen-reader-text\">\u201eDAMIT DER CHANGEPROZESS GELINGT\u201c<\/span> weiterlesen<\/a><\/p>\n","protected":false},"author":1,"featured_media":0,"parent":0,"menu_order":0,"comment_status":"closed","ping_status":"closed","template":"","meta":{"footnotes":""},"class_list":["post-201","page","type-page","status-publish","hentry"],"_links":{"self":[{"href":"http:\/\/thomas-schleiken.com\/index.php?rest_route=\/wp\/v2\/pages\/201","targetHints":{"allow":["GET"]}}],"collection":[{"href":"http:\/\/thomas-schleiken.com\/index.php?rest_route=\/wp\/v2\/pages"}],"about":[{"href":"http:\/\/thomas-schleiken.com\/index.php?rest_route=\/wp\/v2\/types\/page"}],"author":[{"embeddable":true,"href":"http:\/\/thomas-schleiken.com\/index.php?rest_route=\/wp\/v2\/users\/1"}],"replies":[{"embeddable":true,"href":"http:\/\/thomas-schleiken.com\/index.php?rest_route=%2Fwp%2Fv2%2Fcomments&post=201"}],"version-history":[{"count":14,"href":"http:\/\/thomas-schleiken.com\/index.php?rest_route=\/wp\/v2\/pages\/201\/revisions"}],"predecessor-version":[{"id":878,"href":"http:\/\/thomas-schleiken.com\/index.php?rest_route=\/wp\/v2\/pages\/201\/revisions\/878"}],"wp:attachment":[{"href":"http:\/\/thomas-schleiken.com\/index.php?rest_route=%2Fwp%2Fv2%2Fmedia&parent=201"}],"curies":[{"name":"wp","href":"https:\/\/api.w.org\/{rel}","templated":true}]}}