{"id":592,"date":"2021-01-05T13:33:07","date_gmt":"2021-01-05T13:33:07","guid":{"rendered":"http:\/\/thomas-schleiken.com\/?page_id=592"},"modified":"2021-11-02T12:04:36","modified_gmt":"2021-11-02T12:04:36","slug":"neu-als-fuehrungskraft","status":"publish","type":"page","link":"http:\/\/thomas-schleiken.com\/?page_id=592","title":{"rendered":"NEU ALS F\u00dcHRUNGSKRAFT"},"content":{"rendered":"\n<h2 class=\"wp-block-heading\">EIN ONLINE-INTENSIVSEMINAR<\/h2>\n\n\n\n<h4 class=\"wp-block-heading\">DEIN NUTZEN<\/h4>\n\n\n\n<p>Menschen im Berufsalltag zu f\u00fchren, ist eine ganz eigene Herausforderung. Jede F\u00fchrungsaufgabe hat dabei ihre Besonderheiten. Vielleicht \u00fcbernimmst du disziplinarische Verantwortung mit deiner F\u00fchrungsrolle. Vielleicht ist es Teil der Herausforderung, ohne eine solche disziplinarische Befugnis zu f\u00fchren in einer lateralen F\u00fchrungsrolle. Solch eine Rolle ist zum Beispiel die der Projektleitung, der Assistenz oder des Referenten.<br>F\u00fchrst du ein Team das gerade entsteht oder eines, das schon l\u00e4ngeren Bestand hat? F\u00fchrst du Menschen mit \u00e4hnlichen Aufgaben oder sollen sich die eher unterschiedlichen Aufgaben der Gef\u00fchrten erg\u00e4nzen? Sind Kompetenzen und Motivation der Gef\u00fchrten hoch oder liegen Frust und Unmut oder gar Konflikte in der Luft? F\u00fchrst du \u00fcberwiegend face-to-face oder eher virtuell aus der Distanz?<br>Solche und sicher noch andere Unterschiede machen f\u00fcr die F\u00fchrung nat\u00fcrlich ebenfalls Unterschiede. Ganz gleich jedoch, was die Rolle ausmacht, in die du hineinkommst oder vor kurzem hineingekommen bist. Es bedeutet stets, sich (neu) zu definieren, zu positionieren und den eigenen Stil zu finden. Genau darum geht es in diesem Seminar.<\/p>\n\n\n\n<p>Melde dich noch heute an.<\/p>\n\n\n\n<h4 class=\"wp-block-heading\">F\u00dcR WEN?<\/h4>\n\n\n\n<p>Seit kurzem oder in K\u00fcrze \u00fcbernimmst du F\u00fchrungsverantwortung? Erfolgreich zu f\u00fchren ist dir ein Anliegen? Dann ist dies das passende Online-Seminar f\u00fcr dich.<\/p>\n\n\n\n<h4 class=\"wp-block-heading\">LEITTHEMEN\/LEITFRAGEN<\/h4>\n\n\n\n<ul class=\"wp-block-list\"><li>Ich bin neu als F\u00fchrungskraft, wie positioniere ich mich in meinem neuen Arbeitsfeld?<\/li><li>Wie wirken die Besonderheiten des Umfeldes auf meine F\u00fchrungsarbeit?<\/li><li>Wie gestalte ich den Weg vom Kollegen\/von der Kollegin zur F\u00fchrungskraft?<\/li><li>Was mache ich, wenn die Erwartungen an mich nicht nur hoch sondern auch sehr unterschiedlich sind?<\/li><li>Was sind die wichtigsten Aufgaben der F\u00fchrung?<\/li><li>Wie nutze ich das zentrale Werkzeug der F\u00fchrung?<\/li><li>Wie delegiere ich Aufgaben wirksam?<\/li><li>Wie gehe ich an Beurteilungen heran?<\/li><li>Wie \u00fcbe ich Kritik richtig?<\/li><li>Was verhindert die Selbstverantwortung der Gef\u00fchrten und wie f\u00f6rdere ich sie?<\/li><li>Mythos Motivation &#8211; Was sind die Grenzen des Machbaren?<\/li><li>Worauf achte ich, wenn ich aus der Distanz f\u00fchre?<\/li><li>Was macht die Transformation f\u00fcr die F\u00fchrungsarbeit anders?<\/li><li>Was mache ich in schwierigen F\u00fchrungssituationen?<\/li><\/ul>\n\n\n\n<h4 class=\"wp-block-heading\">TERMIN\/ORT<\/h4>\n\n\n\n<p>21.04.22, 10.00 Uhr \u2013 21.04.221, 16.30 Uhr<br>Online-Seminar<br>F\u00fcr die Teilnahme werden ein internetf\u00e4higes Endger\u00e4t (einschlie\u00dflich Kamera und Mikrofon) und eine Internetverbindung zum Streamen der Veranstaltung ben\u00f6tigt. Das Online-Seminar wird mit der Software Zoom durchgef\u00fchrt. Der Zugangslink wird vor der Veranstaltung per eMail versandt.<\/p>\n\n\n\n<h4 class=\"wp-block-heading\">INVESTITION<\/h4>\n\n\n\n<p>Seminargeb\u00fchr 450,- Euro + 19 % Mehrwertsteuer<br>Enthalten ist die digitale Seminardokumentation sowie die Teilnahmebescheinigung. Beides wird im Nachgang zum Seminar zugestellt.<\/p>\n\n\n\n<h4 class=\"wp-block-heading\">ANMELDEBEDINGUNGEN<\/h4>\n\n\n\n<p>Die Rechnung f\u00fcr die Teilnahme wird nach dem Seminar zugesandt. Die Anmeldung zum Seminar gilt als verbindlich. Bei R\u00fccktritt bis zwei Wochen vor dem Seminar wird eine Stornogeb\u00fchr von 70,- Euro in Rechnung gestellt. Bei sp\u00e4terem R\u00fccktritt ohne Benennung eines jeweiligen Ersatzteilnehmers wird die gesamte Seminargeb\u00fchr in H\u00f6he von 450,- Euro f\u00e4llig. Die genannten Preise verstehen sich zuz\u00fcglich der gesetzlichen Mehrwertsteuer. Im Falle einer zu geringen Teilnehmerzahl behalte ich mir vor, das Seminar sp\u00e4testens f\u00fcnf Werktage vor Seminarstart abzusagen.<\/p>\n\n\n\n<div class=\"wp-block-file\"><a href=\"http:\/\/thomas-schleiken.com\/wp-content\/uploads\/2021\/11\/Flyer_Neu_als_FK_online_2022_04.pdf\"><em>Flyer zum kostenlosen Download<\/em><\/a><a href=\"http:\/\/thomas-schleiken.com\/wp-content\/uploads\/2021\/11\/Flyer_Neu_als_FK_online_2022_04.pdf\" class=\"wp-block-file__button\" download>Herunterladen<\/a><\/div>\n\n\n\n<div class=\"wp-block-buttons is-layout-flex wp-block-buttons-is-layout-flex\">\n<div class=\"wp-block-button\"><a class=\"wp-block-button__link\" href=\"mailto:schleikentcc@t-online.de\">Anmeldung per eMail<\/a><\/div>\n<\/div>\n","protected":false},"excerpt":{"rendered":"<p>EIN ONLINE-INTENSIVSEMINAR DEIN NUTZEN Menschen im Berufsalltag zu f\u00fchren, ist eine ganz eigene Herausforderung. Jede F\u00fchrungsaufgabe hat dabei ihre Besonderheiten. Vielleicht \u00fcbernimmst du disziplinarische Verantwortung mit deiner F\u00fchrungsrolle. Vielleicht ist es Teil der Herausforderung, ohne eine solche disziplinarische Befugnis zu f\u00fchren in einer lateralen F\u00fchrungsrolle. Solch eine Rolle ist zum Beispiel die der Projektleitung, der &hellip; <\/p>\n<p class=\"link-more\"><a href=\"http:\/\/thomas-schleiken.com\/?page_id=592\" class=\"more-link\"><span class=\"screen-reader-text\">\u201eNEU ALS F\u00dcHRUNGSKRAFT\u201c<\/span> weiterlesen<\/a><\/p>\n","protected":false},"author":1,"featured_media":0,"parent":0,"menu_order":0,"comment_status":"closed","ping_status":"closed","template":"","meta":{"footnotes":""},"class_list":["post-592","page","type-page","status-publish","hentry"],"_links":{"self":[{"href":"http:\/\/thomas-schleiken.com\/index.php?rest_route=\/wp\/v2\/pages\/592","targetHints":{"allow":["GET"]}}],"collection":[{"href":"http:\/\/thomas-schleiken.com\/index.php?rest_route=\/wp\/v2\/pages"}],"about":[{"href":"http:\/\/thomas-schleiken.com\/index.php?rest_route=\/wp\/v2\/types\/page"}],"author":[{"embeddable":true,"href":"http:\/\/thomas-schleiken.com\/index.php?rest_route=\/wp\/v2\/users\/1"}],"replies":[{"embeddable":true,"href":"http:\/\/thomas-schleiken.com\/index.php?rest_route=%2Fwp%2Fv2%2Fcomments&post=592"}],"version-history":[{"count":12,"href":"http:\/\/thomas-schleiken.com\/index.php?rest_route=\/wp\/v2\/pages\/592\/revisions"}],"predecessor-version":[{"id":1328,"href":"http:\/\/thomas-schleiken.com\/index.php?rest_route=\/wp\/v2\/pages\/592\/revisions\/1328"}],"wp:attachment":[{"href":"http:\/\/thomas-schleiken.com\/index.php?rest_route=%2Fwp%2Fv2%2Fmedia&parent=592"}],"curies":[{"name":"wp","href":"https:\/\/api.w.org\/{rel}","templated":true}]}}